{"id":1310,"date":"2024-11-15T03:18:56","date_gmt":"2024-11-15T02:18:56","guid":{"rendered":"http:\/\/donvital.de\/?page_id=1310"},"modified":"2024-11-18T03:44:49","modified_gmt":"2024-11-18T02:44:49","slug":"productos","status":"publish","type":"page","link":"https:\/\/donvital.de\/?page_id=1310&lang=es","title":{"rendered":"Productos"},"content":{"rendered":"\t\t<div data-elementor-type=\"wp-post\" data-elementor-id=\"1310\" class=\"elementor elementor-1310\">\n\t\t\t\t<div class=\"elementor-element elementor-element-4482db4 e-con-full e-flex e-con e-parent\" data-id=\"4482db4\" data-element_type=\"container\" data-e-type=\"container\" data-settings=\"{&quot;background_background&quot;:&quot;classic&quot;}\">\n\t\t\t\t<\/div>\n\t\t<div class=\"elementor-element elementor-element-8d064e5 e-flex e-con-boxed e-con e-parent\" data-id=\"8d064e5\" data-element_type=\"container\" data-e-type=\"container\">\n\t\t\t\t\t<div class=\"e-con-inner\">\n\t\t\t\t\t<\/div>\n\t\t\t\t<\/div>\n\t\t<div class=\"elementor-element elementor-element-11727bd e-con-full e-flex e-con e-parent\" data-id=\"11727bd\" data-element_type=\"container\" data-e-type=\"container\">\n\t\t<div class=\"elementor-element elementor-element-ebbfd77 e-con-full e-flex e-con e-child\" data-id=\"ebbfd77\" data-element_type=\"container\" data-e-type=\"container\">\n\t\t\t\t<div class=\"elementor-element elementor-element-cedac23 bienvenida-encabezado elementor-widget elementor-widget-heading\" data-id=\"cedac23\" data-element_type=\"widget\" data-e-type=\"widget\" data-widget_type=\"heading.default\">\n\t\t\t\t<div class=\"elementor-widget-container\">\n\t\t\t\t\t<h1 class=\"elementor-heading-title elementor-size-default\"><span class=\"don\">N<\/span><span class=\"vital\">aranjas<\/span><\/h1>\t\t\t\t<\/div>\n\t\t\t\t<\/div>\n\t\t\t\t<div class=\"elementor-element elementor-element-36b89aa bienvenida-encabezado elementor-widget elementor-widget-text-editor\" data-id=\"36b89aa\" data-element_type=\"widget\" data-e-type=\"widget\" id=\"bienvenida-encabezado\" data-widget_type=\"text-editor.default\">\n\t\t\t\t<div class=\"elementor-widget-container\">\n\t\t\t\t\t\t\t\t\t<p>Las naranjas contienen tanta vitamina C que s\u00f3lo una naranja grande cubre las necesidades diarias de esta importante vitamina. Especialmente en invierno, estaci\u00f3n fr\u00eda y h\u00fameda, las frutas jugosas y refrescantes como la naranja contribuyen de manera importante a fortalecer las defensas del cuerpo contra los resfriados.<\/p><p>Las naranjas, en particular, pueden hacer a\u00fan m\u00e1s: protegen contra el c\u00e1ncer y previenen ataques card\u00edacos. Diversas sustancias vegetales secundarias son responsables de ello. Sin embargo, muchas de las sustancias valiosas de la naranja tambi\u00e9n se encuentran directamente debajo de la c\u00e1scara, en la piel blanca. Por lo tanto, es recomendable comer esta piel siempre que sea posible.<\/p>\t\t\t\t\t\t\t\t<\/div>\n\t\t\t\t<\/div>\n\t\t\t\t<div class=\"elementor-element elementor-element-81462ac bienvenida-encabezado elementor-widget elementor-widget-text-editor\" data-id=\"81462ac\" data-element_type=\"widget\" data-e-type=\"widget\" data-widget_type=\"text-editor.default\">\n\t\t\t\t<div class=\"elementor-widget-container\">\n\t\t\t\t\t\t\t\t\t<span class=\"don\">Directamente del agricultor<\/span> <span class=\"vital\">Andaluz<\/span>\t\t\t\t\t\t\t\t<\/div>\n\t\t\t\t<\/div>\n\t\t\t\t<\/div>\n\t\t<div class=\"elementor-element elementor-element-34bf199 e-con-full e-flex e-con e-child\" data-id=\"34bf199\" data-element_type=\"container\" data-e-type=\"container\">\n\t\t\t\t<div class=\"elementor-element elementor-element-92ae367 elementor-widget elementor-widget-image\" data-id=\"92ae367\" data-element_type=\"widget\" data-e-type=\"widget\" data-widget_type=\"image.default\">\n\t\t\t\t<div class=\"elementor-widget-container\">\n\t\t\t\t\t\t\t\t\t\t\t\t\t\t\t<img fetchpriority=\"high\" decoding=\"async\" width=\"375\" height=\"450\" src=\"https:\/\/donvital.de\/wp-content\/uploads\/2024\/11\/P1050977-1-375x450.jpg\" class=\"attachment-ocean-thumb-ml size-ocean-thumb-ml wp-image-1321\" alt=\"Ramas de naranjas maduras listas para la cosecha en Andaluc\u00eda\" \/>\t\t\t\t\t\t\t\t\t\t\t\t\t\t\t<\/div>\n\t\t\t\t<\/div>\n\t\t\t\t<\/div>\n\t\t\t\t<\/div>\n\t\t<div class=\"elementor-element elementor-element-2e332ff e-con-full e-flex e-con e-parent\" data-id=\"2e332ff\" data-element_type=\"container\" data-e-type=\"container\">\n\t\t<div class=\"elementor-element elementor-element-fdc0b44 e-con-full e-flex e-con e-child\" data-id=\"fdc0b44\" data-element_type=\"container\" data-e-type=\"container\">\n\t\t\t\t<div class=\"elementor-element elementor-element-d541ea0 elementor-widget elementor-widget-image\" data-id=\"d541ea0\" data-element_type=\"widget\" data-e-type=\"widget\" data-widget_type=\"image.default\">\n\t\t\t\t<div class=\"elementor-widget-container\">\n\t\t\t\t\t\t\t\t\t\t\t\t\t\t\t<img decoding=\"async\" width=\"500\" height=\"375\" src=\"https:\/\/donvital.de\/wp-content\/uploads\/2024\/11\/P1060134-1.jpg\" class=\"attachment-medium_large size-medium_large wp-image-1326\" alt=\"Reife Clementinenzweige, bereit zur Ernte in Andalusien\" srcset=\"https:\/\/donvital.de\/wp-content\/uploads\/2024\/11\/P1060134-1.jpg 500w, https:\/\/donvital.de\/wp-content\/uploads\/2024\/11\/P1060134-1-300x225.jpg 300w\" sizes=\"(max-width: 500px) 100vw, 500px\" \/>\t\t\t\t\t\t\t\t\t\t\t\t\t\t\t<\/div>\n\t\t\t\t<\/div>\n\t\t\t\t<\/div>\n\t\t<div class=\"elementor-element elementor-element-1fb32a7 e-con-full e-flex e-con e-child\" data-id=\"1fb32a7\" data-element_type=\"container\" data-e-type=\"container\">\n\t\t\t\t<div class=\"elementor-element elementor-element-f3daab8 bienvenida-encabezado elementor-widget elementor-widget-heading\" data-id=\"f3daab8\" data-element_type=\"widget\" data-e-type=\"widget\" data-widget_type=\"heading.default\">\n\t\t\t\t<div class=\"elementor-widget-container\">\n\t\t\t\t\t<h1 class=\"elementor-heading-title elementor-size-default\"><span class=\"don\">C<\/span><span class=\"vital\">lementinas<\/span><\/h1>\t\t\t\t<\/div>\n\t\t\t\t<\/div>\n\t\t\t\t<div class=\"elementor-element elementor-element-29d59b8 bienvenida-encabezado elementor-widget elementor-widget-text-editor\" data-id=\"29d59b8\" data-element_type=\"widget\" data-e-type=\"widget\" data-widget_type=\"text-editor.default\">\n\t\t\t\t<div class=\"elementor-widget-container\">\n\t\t\t\t\t\t\t\t\t\n\nEn el caso de las clementinas, merece la pena echarle un vistazo a la piel antes de comprarlas, ya que queda m\u00e1s suelta cuando la fruta est\u00e1 madura. Sin embargo, las frutas muy tiernas ya est\u00e1n demasiado viejas.\n\nLas clementinas no pueden seguir el ritmo en t\u00e9rminos de valor nutricional; su contenido de vitamina C es un tercio inferior al de las naranjas. En t\u00e9rminos de calor\u00edas, los c\u00edtricos son bastante modestos, con una media de 42 kcal por 100g para las naranjas y 46kcal para las clementinas, lo que los convierte en un snack ideal para disfrutar cuid\u00e1ndose.\t\t\t\t\t\t\t\t<\/div>\n\t\t\t\t<\/div>\n\t\t\t\t<\/div>\n\t\t\t\t<\/div>\n\t\t<div class=\"elementor-element elementor-element-26862dd e-con-full e-flex e-con e-parent\" data-id=\"26862dd\" data-element_type=\"container\" data-e-type=\"container\" data-settings=\"{&quot;background_background&quot;:&quot;classic&quot;}\">\n\t\t\t\t<\/div>\n\t\t<div class=\"elementor-element elementor-element-a30934e e-flex e-con-boxed e-con e-parent\" data-id=\"a30934e\" data-element_type=\"container\" data-e-type=\"container\" data-settings=\"{&quot;background_background&quot;:&quot;classic&quot;}\">\n\t\t\t\t\t<div class=\"e-con-inner\">\n\t\t<div class=\"elementor-element elementor-element-81c3c70 e-con-full e-flex e-con e-child\" data-id=\"81c3c70\" data-element_type=\"container\" data-e-type=\"container\">\n\t\t\t\t<div class=\"elementor-element elementor-element-72bc3d2 elementor-widget elementor-widget-heading\" data-id=\"72bc3d2\" data-element_type=\"widget\" data-e-type=\"widget\" data-widget_type=\"heading.default\">\n\t\t\t\t<div class=\"elementor-widget-container\">\n\t\t\t\t\t<h2 class=\"elementor-heading-title elementor-size-default\">Nuestro Consejo<\/h2>\t\t\t\t<\/div>\n\t\t\t\t<\/div>\n\t\t\t\t<\/div>\n\t\t<div class=\"elementor-element elementor-element-971a076 e-con-full e-flex e-con e-child\" data-id=\"971a076\" data-element_type=\"container\" data-e-type=\"container\" data-settings=\"{&quot;background_background&quot;:&quot;classic&quot;}\">\n\t\t\t\t<div class=\"elementor-element elementor-element-fb3b813 elementor-widget elementor-widget-text-editor\" data-id=\"fb3b813\" data-element_type=\"widget\" data-e-type=\"widget\" data-widget_type=\"text-editor.default\">\n\t\t\t\t<div class=\"elementor-widget-container\">\n\t\t\t\t\t\t\t\t\tNunca almacene frutas c\u00edtricas con alimentos sensibles a los olores (otras frutas y verduras, queso, huevos, grasas, carne), ya que tienen un efecto de contaminar los aromas de otros productos.\nLas frutas deben conservarse frescas, a 5\u00baC. Para disfrutar de todo su aroma al consumirlas conviene conservarlas a temperatura ambiente.\t\t\t\t\t\t\t\t<\/div>\n\t\t\t\t<\/div>\n\t\t\t\t<div class=\"elementor-element elementor-element-5aad0e0 elementor-widget-divider--view-line elementor-widget elementor-widget-divider\" data-id=\"5aad0e0\" data-element_type=\"widget\" data-e-type=\"widget\" data-widget_type=\"divider.default\">\n\t\t\t\t<div class=\"elementor-widget-container\">\n\t\t\t\t\t\t\t<div class=\"elementor-divider\">\n\t\t\t<span class=\"elementor-divider-separator\">\n\t\t\t\t\t\t<\/span>\n\t\t<\/div>\n\t\t\t\t\t\t<\/div>\n\t\t\t\t<\/div>\n\t\t\t\t<div class=\"elementor-element elementor-element-d3cd21f elementor-widget elementor-widget-text-editor\" data-id=\"d3cd21f\" data-element_type=\"widget\" data-e-type=\"widget\" data-widget_type=\"text-editor.default\">\n\t\t\t\t<div class=\"elementor-widget-container\">\n\t\t\t\t\t\t\t\t\tCuando se almacenan en un lugar fresco, las naranjas pueden durar varias semanas; la temperatura es menos importante para la calidad que para prevenir la proliferaci\u00f3n de moho. Por tanto, a la hora de comprar conviene prestar atenci\u00f3n a las piezas individuales que est\u00e1n en mal estado, pero que de ninguna manera afectan a la calidad de las dem\u00e1s. Revisarlas ocasionalmente es fundamental, incluso si las conservas en casa durante un per\u00edodo de tiempo m\u00e1s largo.\t\t\t\t\t\t\t\t<\/div>\n\t\t\t\t<\/div>\n\t\t\t\t<\/div>\n\t\t\t\t\t<\/div>\n\t\t\t\t<\/div>\n\t\t<div class=\"elementor-element elementor-element-3e49197 e-con-full e-flex e-con e-parent\" data-id=\"3e49197\" data-element_type=\"container\" data-e-type=\"container\" data-settings=\"{&quot;background_background&quot;:&quot;classic&quot;}\">\n\t\t\t\t<\/div>\n\t\t\t\t<\/div>\n\t\t","protected":false},"excerpt":{"rendered":"<p>Naranjas Las naranjas contienen tanta vitamina C que s\u00f3lo una naranja grande cubre las necesidades diarias de esta importante vitamina. Especialmente en invierno, estaci\u00f3n fr\u00eda y h\u00fameda, las frutas jugosas y refrescantes como la naranja contribuyen de manera importante a fortalecer las defensas del cuerpo contra los resfriados. Las naranjas, en particular, pueden hacer a\u00fan [&hellip;]<\/p>\n","protected":false},"author":1,"featured_media":0,"parent":0,"menu_order":0,"comment_status":"closed","ping_status":"closed","template":"elementor_header_footer","meta":{"ocean_post_layout":"full-width","ocean_both_sidebars_style":"","ocean_both_sidebars_content_width":0,"ocean_both_sidebars_sidebars_width":0,"ocean_sidebar":"","ocean_second_sidebar":"","ocean_disable_margins":"enable","ocean_add_body_class":"","ocean_shortcode_before_top_bar":"","ocean_shortcode_after_top_bar":"","ocean_shortcode_before_header":"","ocean_shortcode_after_header":"","ocean_has_shortcode":"","ocean_shortcode_after_title":"","ocean_shortcode_before_footer_widgets":"","ocean_shortcode_after_footer_widgets":"","ocean_shortcode_before_footer_bottom":"","ocean_shortcode_after_footer_bottom":"","ocean_display_top_bar":"default","ocean_display_header":"default","ocean_header_style":"","ocean_center_header_left_menu":"","ocean_custom_header_template":"","ocean_custom_logo":0,"ocean_custom_retina_logo":0,"ocean_custom_logo_max_width":0,"ocean_custom_logo_tablet_max_width":0,"ocean_custom_logo_mobile_max_width":0,"ocean_custom_logo_max_height":0,"ocean_custom_logo_tablet_max_height":0,"ocean_custom_logo_mobile_max_height":0,"ocean_header_custom_menu":"","ocean_menu_typo_font_family":"","ocean_menu_typo_font_subset":"","ocean_menu_typo_font_size":0,"ocean_menu_typo_font_size_tablet":0,"ocean_menu_typo_font_size_mobile":0,"ocean_menu_typo_font_size_unit":"px","ocean_menu_typo_font_weight":"","ocean_menu_typo_font_weight_tablet":"","ocean_menu_typo_font_weight_mobile":"","ocean_menu_typo_transform":"","ocean_menu_typo_transform_tablet":"","ocean_menu_typo_transform_mobile":"","ocean_menu_typo_line_height":0,"ocean_menu_typo_line_height_tablet":0,"ocean_menu_typo_line_height_mobile":0,"ocean_menu_typo_line_height_unit":"","ocean_menu_typo_spacing":0,"ocean_menu_typo_spacing_tablet":0,"ocean_menu_typo_spacing_mobile":0,"ocean_menu_typo_spacing_unit":"","ocean_menu_link_color":"","ocean_menu_link_color_hover":"","ocean_menu_link_color_active":"","ocean_menu_link_background":"","ocean_menu_link_hover_background":"","ocean_menu_link_active_background":"","ocean_menu_social_links_bg":"","ocean_menu_social_hover_links_bg":"","ocean_menu_social_links_color":"","ocean_menu_social_hover_links_color":"","ocean_disable_title":"on","ocean_disable_heading":"default","ocean_post_title":"","ocean_post_subheading":"","ocean_post_title_style":"","ocean_post_title_background_color":"","ocean_post_title_background":0,"ocean_post_title_bg_image_position":"","ocean_post_title_bg_image_attachment":"","ocean_post_title_bg_image_repeat":"","ocean_post_title_bg_image_size":"","ocean_post_title_height":0,"ocean_post_title_bg_overlay":0.5,"ocean_post_title_bg_overlay_color":"","ocean_disable_breadcrumbs":"default","ocean_breadcrumbs_color":"","ocean_breadcrumbs_separator_color":"","ocean_breadcrumbs_links_color":"","ocean_breadcrumbs_links_hover_color":"","ocean_display_footer_widgets":"default","ocean_display_footer_bottom":"default","ocean_custom_footer_template":"","footnotes":""},"class_list":["post-1310","page","type-page","status-publish","hentry","entry"],"yoast_head":"<!-- This site is optimized with the Yoast SEO plugin v27.5 - https:\/\/yoast.com\/product\/yoast-seo-wordpress\/ -->\n<title>Naranjas y Clementinas de Calidad - Productos Don Vital<\/title>\n<meta name=\"description\" content=\"Descubre las naranjas y clementinas de Don Vital, cultivadas en Andaluc\u00eda. Frutas frescas y ricas en vitaminas. Salud y sabor en cada bocado.\" \/>\n<meta name=\"robots\" content=\"index, follow, max-snippet:-1, max-image-preview:large, max-video-preview:-1\" \/>\n<link rel=\"canonical\" href=\"https:\/\/donvital.de\/?page_id=1310&lang=es\" \/>\n<meta property=\"og:locale\" content=\"de_DE\" \/>\n<meta property=\"og:type\" content=\"article\" \/>\n<meta property=\"og:title\" content=\"Naranjas y Clementinas de Calidad - Productos Don Vital\" \/>\n<meta property=\"og:description\" content=\"Descubre las naranjas y clementinas de Don Vital, cultivadas en Andaluc\u00eda. Frutas frescas y ricas en vitaminas. Salud y sabor en cada bocado.\" \/>\n<meta property=\"og:url\" content=\"https:\/\/donvital.de\/?page_id=1310&amp;lang=es\" \/>\n<meta property=\"og:site_name\" content=\"Don Vital\" \/>\n<meta property=\"article:modified_time\" content=\"2024-11-18T02:44:49+00:00\" \/>\n<meta property=\"og:image\" content=\"http:\/\/donvital.de\/wp-content\/uploads\/2024\/11\/P1050977-1-375x450.jpg\" \/>\n<meta name=\"twitter:card\" content=\"summary_large_image\" \/>\n<meta name=\"twitter:label1\" content=\"Gesch\u00e4tzte Lesezeit\" \/>\n\t<meta name=\"twitter:data1\" content=\"2\u00a0Minuten\" \/>\n<script type=\"application\/ld+json\" class=\"yoast-schema-graph\">{\"@context\":\"https:\\\/\\\/schema.org\",\"@graph\":[{\"@type\":\"WebPage\",\"@id\":\"https:\\\/\\\/donvital.de\\\/?page_id=1310&lang=es\",\"url\":\"https:\\\/\\\/donvital.de\\\/?page_id=1310&lang=es\",\"name\":\"Naranjas y Clementinas de Calidad - Productos Don Vital\",\"isPartOf\":{\"@id\":\"https:\\\/\\\/donvital.de\\\/#website\"},\"primaryImageOfPage\":{\"@id\":\"https:\\\/\\\/donvital.de\\\/?page_id=1310&lang=es#primaryimage\"},\"image\":{\"@id\":\"https:\\\/\\\/donvital.de\\\/?page_id=1310&lang=es#primaryimage\"},\"thumbnailUrl\":\"http:\\\/\\\/donvital.de\\\/wp-content\\\/uploads\\\/2024\\\/11\\\/P1050977-1-375x450.jpg\",\"datePublished\":\"2024-11-15T02:18:56+00:00\",\"dateModified\":\"2024-11-18T02:44:49+00:00\",\"description\":\"Descubre las naranjas y clementinas de Don Vital, cultivadas en Andaluc\u00eda. Frutas frescas y ricas en vitaminas. Salud y sabor en cada bocado.\",\"breadcrumb\":{\"@id\":\"https:\\\/\\\/donvital.de\\\/?page_id=1310&lang=es#breadcrumb\"},\"inLanguage\":\"de\",\"potentialAction\":[{\"@type\":\"ReadAction\",\"target\":[\"https:\\\/\\\/donvital.de\\\/?page_id=1310&lang=es\"]}]},{\"@type\":\"ImageObject\",\"inLanguage\":\"de\",\"@id\":\"https:\\\/\\\/donvital.de\\\/?page_id=1310&lang=es#primaryimage\",\"url\":\"https:\\\/\\\/donvital.de\\\/wp-content\\\/uploads\\\/2024\\\/11\\\/P1050977-1.jpg\",\"contentUrl\":\"https:\\\/\\\/donvital.de\\\/wp-content\\\/uploads\\\/2024\\\/11\\\/P1050977-1.jpg\",\"width\":375,\"height\":500,\"caption\":\"Clementinas maduras en las ramas, cultivadas por Don Vital en Andaluc\u00eda\"},{\"@type\":\"BreadcrumbList\",\"@id\":\"https:\\\/\\\/donvital.de\\\/?page_id=1310&lang=es#breadcrumb\",\"itemListElement\":[{\"@type\":\"ListItem\",\"position\":1,\"name\":\"Portada\",\"item\":\"https:\\\/\\\/donvital.de\\\/\"},{\"@type\":\"ListItem\",\"position\":2,\"name\":\"Productos\"}]},{\"@type\":\"WebSite\",\"@id\":\"https:\\\/\\\/donvital.de\\\/#website\",\"url\":\"https:\\\/\\\/donvital.de\\\/\",\"name\":\"Don Vital\",\"description\":\"Qualit\u00e4tsprodukte aus Andalusien\",\"publisher\":{\"@id\":\"https:\\\/\\\/donvital.de\\\/#organization\"},\"potentialAction\":[{\"@type\":\"SearchAction\",\"target\":{\"@type\":\"EntryPoint\",\"urlTemplate\":\"https:\\\/\\\/donvital.de\\\/?s={search_term_string}\"},\"query-input\":{\"@type\":\"PropertyValueSpecification\",\"valueRequired\":true,\"valueName\":\"search_term_string\"}}],\"inLanguage\":\"de\"},{\"@type\":\"Organization\",\"@id\":\"https:\\\/\\\/donvital.de\\\/#organization\",\"name\":\"Don Vital\",\"url\":\"https:\\\/\\\/donvital.de\\\/\",\"logo\":{\"@type\":\"ImageObject\",\"inLanguage\":\"de\",\"@id\":\"https:\\\/\\\/donvital.de\\\/#\\\/schema\\\/logo\\\/image\\\/\",\"url\":\"https:\\\/\\\/donvital.de\\\/wp-content\\\/uploads\\\/2024\\\/11\\\/cropped-logo-u214.png\",\"contentUrl\":\"https:\\\/\\\/donvital.de\\\/wp-content\\\/uploads\\\/2024\\\/11\\\/cropped-logo-u214.png\",\"width\":281,\"height\":104,\"caption\":\"Don Vital\"},\"image\":{\"@id\":\"https:\\\/\\\/donvital.de\\\/#\\\/schema\\\/logo\\\/image\\\/\"}}]}<\/script>\n<!-- \/ Yoast SEO plugin. -->","yoast_head_json":{"title":"Naranjas y Clementinas de Calidad - Productos Don Vital","description":"Descubre las naranjas y clementinas de Don Vital, cultivadas en Andaluc\u00eda. Frutas frescas y ricas en vitaminas. Salud y sabor en cada bocado.","robots":{"index":"index","follow":"follow","max-snippet":"max-snippet:-1","max-image-preview":"max-image-preview:large","max-video-preview":"max-video-preview:-1"},"canonical":"https:\/\/donvital.de\/?page_id=1310&lang=es","og_locale":"de_DE","og_type":"article","og_title":"Naranjas y Clementinas de Calidad - Productos Don Vital","og_description":"Descubre las naranjas y clementinas de Don Vital, cultivadas en Andaluc\u00eda. Frutas frescas y ricas en vitaminas. Salud y sabor en cada bocado.","og_url":"https:\/\/donvital.de\/?page_id=1310&lang=es","og_site_name":"Don Vital","article_modified_time":"2024-11-18T02:44:49+00:00","og_image":[{"url":"http:\/\/donvital.de\/wp-content\/uploads\/2024\/11\/P1050977-1-375x450.jpg","type":"","width":"","height":""}],"twitter_card":"summary_large_image","twitter_misc":{"Gesch\u00e4tzte Lesezeit":"2\u00a0Minuten"},"schema":{"@context":"https:\/\/schema.org","@graph":[{"@type":"WebPage","@id":"https:\/\/donvital.de\/?page_id=1310&lang=es","url":"https:\/\/donvital.de\/?page_id=1310&lang=es","name":"Naranjas y Clementinas de Calidad - Productos Don Vital","isPartOf":{"@id":"https:\/\/donvital.de\/#website"},"primaryImageOfPage":{"@id":"https:\/\/donvital.de\/?page_id=1310&lang=es#primaryimage"},"image":{"@id":"https:\/\/donvital.de\/?page_id=1310&lang=es#primaryimage"},"thumbnailUrl":"http:\/\/donvital.de\/wp-content\/uploads\/2024\/11\/P1050977-1-375x450.jpg","datePublished":"2024-11-15T02:18:56+00:00","dateModified":"2024-11-18T02:44:49+00:00","description":"Descubre las naranjas y clementinas de Don Vital, cultivadas en Andaluc\u00eda. Frutas frescas y ricas en vitaminas. Salud y sabor en cada bocado.","breadcrumb":{"@id":"https:\/\/donvital.de\/?page_id=1310&lang=es#breadcrumb"},"inLanguage":"de","potentialAction":[{"@type":"ReadAction","target":["https:\/\/donvital.de\/?page_id=1310&lang=es"]}]},{"@type":"ImageObject","inLanguage":"de","@id":"https:\/\/donvital.de\/?page_id=1310&lang=es#primaryimage","url":"https:\/\/donvital.de\/wp-content\/uploads\/2024\/11\/P1050977-1.jpg","contentUrl":"https:\/\/donvital.de\/wp-content\/uploads\/2024\/11\/P1050977-1.jpg","width":375,"height":500,"caption":"Clementinas maduras en las ramas, cultivadas por Don Vital en Andaluc\u00eda"},{"@type":"BreadcrumbList","@id":"https:\/\/donvital.de\/?page_id=1310&lang=es#breadcrumb","itemListElement":[{"@type":"ListItem","position":1,"name":"Portada","item":"https:\/\/donvital.de\/"},{"@type":"ListItem","position":2,"name":"Productos"}]},{"@type":"WebSite","@id":"https:\/\/donvital.de\/#website","url":"https:\/\/donvital.de\/","name":"Don Vital","description":"Qualit\u00e4tsprodukte aus Andalusien","publisher":{"@id":"https:\/\/donvital.de\/#organization"},"potentialAction":[{"@type":"SearchAction","target":{"@type":"EntryPoint","urlTemplate":"https:\/\/donvital.de\/?s={search_term_string}"},"query-input":{"@type":"PropertyValueSpecification","valueRequired":true,"valueName":"search_term_string"}}],"inLanguage":"de"},{"@type":"Organization","@id":"https:\/\/donvital.de\/#organization","name":"Don Vital","url":"https:\/\/donvital.de\/","logo":{"@type":"ImageObject","inLanguage":"de","@id":"https:\/\/donvital.de\/#\/schema\/logo\/image\/","url":"https:\/\/donvital.de\/wp-content\/uploads\/2024\/11\/cropped-logo-u214.png","contentUrl":"https:\/\/donvital.de\/wp-content\/uploads\/2024\/11\/cropped-logo-u214.png","width":281,"height":104,"caption":"Don Vital"},"image":{"@id":"https:\/\/donvital.de\/#\/schema\/logo\/image\/"}}]}},"_links":{"self":[{"href":"https:\/\/donvital.de\/index.php?rest_route=\/wp\/v2\/pages\/1310","targetHints":{"allow":["GET"]}}],"collection":[{"href":"https:\/\/donvital.de\/index.php?rest_route=\/wp\/v2\/pages"}],"about":[{"href":"https:\/\/donvital.de\/index.php?rest_route=\/wp\/v2\/types\/page"}],"author":[{"embeddable":true,"href":"https:\/\/donvital.de\/index.php?rest_route=\/wp\/v2\/users\/1"}],"replies":[{"embeddable":true,"href":"https:\/\/donvital.de\/index.php?rest_route=%2Fwp%2Fv2%2Fcomments&post=1310"}],"version-history":[{"count":85,"href":"https:\/\/donvital.de\/index.php?rest_route=\/wp\/v2\/pages\/1310\/revisions"}],"predecessor-version":[{"id":2321,"href":"https:\/\/donvital.de\/index.php?rest_route=\/wp\/v2\/pages\/1310\/revisions\/2321"}],"wp:attachment":[{"href":"https:\/\/donvital.de\/index.php?rest_route=%2Fwp%2Fv2%2Fmedia&parent=1310"}],"curies":[{"name":"wp","href":"https:\/\/api.w.org\/{rel}","templated":true}]}}